me number?
True
Let s(z) = -19*z - 64. Let i be s(-4). Suppose 5*a - i*a = -301. Suppose u + 294 + a = t, -5*u + 1655 = 5*t. Is t a composite number?
True
Let n(r) = -1072*r**2 - r - 2. Suppose 49*v + 8 = 41*v. Let g be n(v). Let x = g + 1560. Is x a prime number?
True
Suppose 2*t - 3*c + 7*c = -39412, 2*c = 2*t + 39418. Let f = t + 41477. Is f prime?
False
Let u = 58 - 54. Suppose 4*x + 2692 = u*v, 0*x + 5*x - v + 3373 = 0. Let o = x - -1382. Is o composite?
True
Suppose 4*y + 7*y = -2*y. Let g be y + 12/4 + 1. Is (-89390)/28*g/(-10) composite?
False
Suppose -2*w - 3*i - 167113 = -524619, -3*w = 4*i - 536259. Is w a prime number?
True
Let n be (-1 - 1) + 2/(-1). Let r be (n/1 - -4) + 103. Suppose -5*b - r = -358. Is b composite?
True
Let n(u) = u**2 - u + 1. Let g(h) = 7*h**2 - 9*h + 15. Let d(a) = g(a) - 6*n(a). Suppose 130 = o + 137. Is d(o) prime?
True
Let p = 5852 - 1307. Let l = p + -1862. Is l a composite number?
False
Let k(x) = 28*x**2 - 625*x - 26. Let l be k(15). Let q(a) = -2330*a + 2. Let d be q(-3). Let w = l + d. Is w a prime number?
False
Suppose 0 = -4*f + 71 - 23. Suppose f*n - 54523 = 5*n. Is n a composite number?
False
Let s(t) be the third derivative of -t**4/8 - 29*t**3/6 - 8*t**2. Let u be s(-11). Is (-8)/(-20)*590/u a composite number?
False
Let v be (-374)/8 + 6/(-24). Let g(j) = -j**3 + 22*j**2 + j - 18. Let y be g(22). Is v/y*(-21 - -1) composite?
True
Let r(s) be the second derivative of -17*s**5/120 + 13*s**4/6 - 4*s**3 + 16*s. Let v(l) be the second derivative of r(l). Is v(-17) a composite number?
True
Let c(z) = -z**3 + 26*z**2 - 27*z + 60. Let i be c(26). Let v = i - -1144. Is v a prime number?
False
Suppose -2*v + 101*x = 96*x - 631362, 2*x = 3*v - 947021. Is v composite?
False
Suppose 104*k + 9090 = 114*k. Let i = 4316 - k. Is i prime?
True
Let x(w) = 8*w**2 + w + 6. Suppose 0 = 9*f - 14*f + 165. Let s = -28 + f. Is x(s) a composite number?
False
Let t(o) = -o**3 + 12*o**2 - 7*o - 16. Let u be t(11). Let x be ((-15)/(-30))/((3/u)/(-3)). Let m(q) = -9*q - 13. Is m(x) composite?
False
Suppose 0 = -8*a + 84 + 84. Is (3/2*1)/(a/169036) composite?
True
Let b = 88 - 83. Suppose d = -b*d + d. Suppose d = v - 141 - 112. Is v a prime number?
False
Suppose 2*c - 5*r = 1583, c = 6*r - 2*r + 784. Let x = c + -393. Let h = 916 - x. Is h a composite number?
True
Suppose -8*m = 218 + 502. Let v = 181 - m. Is v a composite number?
False
Suppose -10618*n = -10628*n + 3887570. Is n a prime number?
True
Let g be (-90)/(-21) + ((-24)/(-14) - 2). Let l be g/1*86*(-2)/(-8). Is l + -3*5/(-5) composite?
False
Suppose 17*p - 21*p - 24 = 0, a - 543469 = 3*p. Is a a prime number?
False
Let k(u) be the third derivative of 77*u**4/12 - 19*u**3/6 - 57*u**2 - u. Is k(15) a composite number?
True
Is 24/816 + 39609/34 composite?
True
Suppose -4*i - 70 = 6*i. Let w(n) = -n**2 - 1. Let j(o) = 27*o**2 + 4*o + 20. Let l(k) = j(k) - 3*w(k). Is l(i) composite?
True
Let a(j) = -j**2. Let n(u) = -6*u**2 + 7*u + 7. Suppose 4*i - 4*r = -0*i, 4*r = 3*i - 5. Let x(c) = i*a(c) + n(c). Is x(4) composite?
False
Let r(z) be the second derivative of -9*z**3 - 183*z**2/2 - 101*z. Is r(-18) a prime number?
False
Suppose -110685630 = -14*x - 37*x - 15*x. Is x composite?
True
Is 80/25 - 3 - 4202594/(-55) prime?
False
Let w = 197350 + 313491. Is w a composite number?
True
Suppose -2*a - 3376 = -6*a - 2*p, a + 5*p - 835 = 0. Suppose -1042 - a = -3*n. Is n prime?
False
Let s be 45*((-119)/(-21) - 5). Is s/12*(0 + 188390/25) a prime number?
True
Let b = 95868 - 67313. Is b composite?
True
Let y(g) = 2*g**2 - 61*g - 389. Let h(z) = -3*z**2 + 56*z + 389. Let k(c) = -4*h(c) - 3*y(c). Is k(-14) a composite number?
False
Suppose -18565613 - 61255931 = -88*f. Is f a prime number?
True
Suppose -3*q = -5*q - w + 7, 0 = -3*q - 5*w. Suppose -5*j + 860 = 5*l, -q*l + 2*j + 671 = -224. Is l prime?
False
Suppose 4*m - 83981 = -4*j + 330755, m = 3*j - 311040. Is j a composite number?
False
Let s = 963341 - 555030. Is s a composite number?
False
Let h = 526 - 522. Let w be 43233/6 - 1/2. Suppose -f - h*f + w = 0. Is f a composite number?
True
Let n(o) be the third derivative of 139*o**5/60 - 11*o**4/12 - 29*o**3/3 + 8*o**2 + 6. Is n(-3) prime?
True
Let l(x) = 125*x**2 - 23*x - 32. Is l(-26) a prime number?
False
Let y(r) = 756*r + 27. Let u(g) = -3779*g - 134. Let b(f) = -2*u(f) - 11*y(f). Is b(-5) a composite number?
False
Let c be (-716)/(-30) - (-18)/135. Suppose -34*b = -26*b - c. Suppose 0 = -3*w - 2*u + 4075, w - b*u - 2*u = 1381. Is w a composite number?
False
Suppose 0 = -2*z + 3*i + 55144, -5*z + 137893 = -0*z - 2*i. Is z a prime number?
True
Suppose 0 = 3*s + 2*s + 5*c - 5, -c + 11 = 3*s. Suppose 7*u + s = 2*u. Is (3*(-2)/(-10))/(u/(-35)) prime?
False
Suppose -212232 = -4*m + 5*w, -212244 = 81*m - 85*m + 2*w. Is m a prime number?
False
Let f = 768 + 4705. Suppose -2*w - 311 = -f. Is w composite?
True
Suppose -1486*g - 2018140 = -1506*g. Is g a composite number?
False
Let z(k) = -k - 2. Let s be z(-23). Is 7/((-49)/s) - -58 prime?
False
Suppose 3*k - 695 - 397 = 0. Suppose -2*f = -5*i - 634, -k = -2*f + 4*i + 270. Is f prime?
True
Suppose -3*d - 5*h = 31, -3*d - h - 29 = -6. Let g(c) = c**3 + 6*c**2 - 4*c + 21. Let j be g(d). Suppose j = 18*i - 22*i + 7916. Is i a prime number?
True
Suppose z = 2*z + 5*p - 24, -z = p - 8. Suppose 2*r - r + 260 = h, 5*h + z*r = 1345. Is h composite?
True
Let a be 3/(-4) - (-465)/124. Suppose -a*u + g + 35624 = 0, 9*u - 13*u + 47497 = -g. Is u a composite number?
True
Let j = 89803 - -54400. Is j composite?
False
Let m = 8528 - 259. Is m a composite number?
False
Suppose 52*z + 205*z = -198*z + 281244145. Is z composite?
False
Let o = 5374 + -3110. Is o + (-2)/(-5) + 208/80 a composite number?
False
Suppose -107*z + 109051185 = -18*z + 34*z. Is z a prime number?
False
Suppose -3*i = 0, -5*g + 3*i + 665318 = -180110 - 16107. Is g a composite number?
False
Let l(t) = -17469*t - 2174. Is l(-19) composite?
True
Suppose 5*h - 20355 = -0*h - 2*d, -20355 = -5*h - 5*d. Let g = h + -2416. Is g a composite number?
True
Is (-2693454)/9*(3 - 9 - 297/(-66)) prime?
False
Suppose 2*z - 28 = -5*l - 218, -65 = 2*l + 3*z. Let x = l + 197. Is x composite?
False
Suppose -2*i + 0*r + 3*r = -2752, -4*i + r + 5504 = 0. Let j = i + -897. Is j prime?
True
Is -8 + (-18)/((-144)/1277720) a prime number?
True
Let n(p) = 28*p**2 - 19*p + 32. Let j(q) = 14*q**2 - 9*q + 16. Let d(t) = 5*j(t) - 2*n(t). Let m be d(2). Let b = 65 - m. Is b composite?
False
Suppose -3*y = 948 + 588. Let n = y - -774. Suppose -4*s = 4*u - 28 - 972, -5*s + n = u. Is u a prime number?
False
Let x = -137550 + 804761. Is x composite?
False
Suppose -187068 - 205615 = -17*z. Let a = z - 14952. Is a composite?
False
Is ((-35)/(-10))/(6/12) + 908026 prime?
False
Let j = 562 + -558. Suppose 5*w - 37091 = -2*i, 0 = 2*w - 0*w - j*i - 14846. Is w composite?
True
Suppose 4*q + 3*q - 29104 = -4*u, -q - 7287 = -u. Is u composite?
False
Suppose -1694 = 47*m - 61*m. Suppose 123*t = m*t + 1334. Is t a prime number?
False
Let p be 5280/(-11) - ((-3)/(-1) + (-1 - 1)). Let x = 1925 + -1033. Let u = p + x. Is u a prime number?
False
Let a(q) = -7469*q + 2984. Is a(-3) a prime number?
True
Let s(l) = 12256*l + 67. Let i = -314 - -315. Is s(i) a composite number?
False
Let w = 233 + -100. Suppose k = -4*i + w, 5*k = -4*i + k + 136. Is i composite?
True
Let w(f) = -f**2 + 16*f + 7195. Suppose 2*i - 8*x - 16 = -4*x, 0 = -3*i - 4*x - 16. Is w(i) a composite number?
True
Let v = -19 - -14. Let w(x) = 87*x**2 + x - 8. Let a be w(v). Suppose -4*l - r + a = 0, -3*l + 1092 = -l - 5*r. Is l a prime number?
True
Let r be (-4 + (-2)/3)*-3. Suppose r*k + 5*k = 57. Suppose 4*q + 2*y = q + 583, k*q - 5*y - 548 = 0. Is q a composite number?
False
Let c = 77 + -77. Suppose 4*f - f + 2*p - 27734 = c, -5*p = -2*f + 18464. Is f a prime number?
False
Suppose 0 = 6*j - 78 + 6. Let l be j/18*3/(-2). Is (95/10)/((-75)/78 - l) a prime number?
False
Let m be (1442/(-2))/7 - 5. Is ((-502668)/m)/(2/6) a composite number?
False
Let m be 3 + 2752/(-2) + 11. Let h = 708 + -1163. Let r = h - m. Is r prime?
True
Let h(k) = -247*k - 10. Suppose -4 + 20 = 4*v. Let t be (v - -2)/(-3) - 1. Is h(t) a composite number?
True
Let c(z) = 179*z**2 - 62*